when 91 is divided by l.
13
Let p(h) = -h**2 + 7*h + 10. Let z be 4/(-5) + (-392)/(-40). Let f be p(z). Let y = 22 - f. Calculate the remainder when y is divided by 17.
13
Suppose -7*d + 16*d - 63 = 0. Suppose -d*p = -4*p - 4*t - 51, 2*p - 45 = -t. What is the remainder when 1/(-3) - 250/(-3) is divided by p?
20
Suppose 99 + 95 = 5*r + 64. Calculate the remainder when 2988 is divided by r.
24
Let q(m) = m - 8. Let w be q(15). Suppose w*c - 405 = -83. What is the remainder when c is divided by 25?
21
Let l be (-147)/(-6) - -1*(-5)/(-10). Suppose -l*k - 75 = -28*k. Let o = 130 - 90. Calculate the remainder when o is divided by k.
15
Suppose 0 = 5*y - 18*y + 260. Calculate the remainder when 26*(4 + 35/2) is divided by y.
19
Suppose -4*l + 518 = -5*o, -6*o + 116 = l - 5*o. What is the remainder when 450 is divided by l?
84
Let v(b) = 6*b**3 + 3*b**2 - 4*b. Suppose 5*j - j - 614 = 5*n, -4*n = 3*j + 485. Let f = -86 - n. What is the remainder when v(3) is divided by f?
33
Suppose 8*w = 5*w - 5*u + 1016, 0 = -u - 2. Calculate the remainder when w is divided by 36.
18
Suppose 192*t - 161*t + 200 = 1254. What is the remainder when 1391 is divided by t?
31
Let a(z) be the third derivative of z**6/120 + z**5/12 + z**4/6 + z**3/6 + 16*z**2. Suppose 4*t + t = -15. What is the remainder when 22 is divided by a(t)?
1
Let k = 3 + -27. Let h be 1*k*-2*(-6)/8. Calculate the remainder when ((-2)/(-9) + 1286/h)*-2 is divided by 12.
11
Let h(o) = 341*o + 1694. Calculate the remainder when h(-4) is divided by 198.
132
Suppose -3*n + m - 101 = -151, -m + 69 = 4*n. Let w(o) = o. Let i(r) = r + 4. Let f(d) = i(d) + 2*w(d). What is the remainder when f(9) is divided by n?
14
Let h be (-40356)/(-72) - 3/(-2). Let k = h + -346. Calculate the remainder when k is divided by 50.
16
Let k = -30 + 44. What is the remainder when ((-12760)/(-120) + -107)/((-4)/738) is divided by k?
11
Let b(w) = -w**2 + 136*w - 2214. Suppose 8*m - 298 = 246. Calculate the remainder when m is divided by b(19).
5
Suppose 25*w + 4*w = 36*w - 924. Calculate the remainder when w is divided by 22.
0
Suppose 5*m + 4*d = 51, -8 - 26 = -2*m - 5*d. Let r(k) = m*k**3 - 2*k**2 - 2*k**3 - k - k**3 - 5*k**3 - 3. What is the remainder when 23 is divided by r(-3)?
5
Let b = -382 + 245. Let k = -137 - b. Suppose k = -5*n + 4*j + 108, 6*j - 2*j = -n + 36. Calculate the remainder when n is divided by 10.
4
Let l = 37 + -18. Let f = l - 14. Suppose -o + 5*a - 55 = -4*o, f*o - 137 = 3*a. What is the remainder when o is divided by 8?
1
Suppose 9*l - 88 = -169. Suppose 0 = 4*f - 3*f - 15. Let d = f + l. What is the remainder when 34 is divided by d?
4
Let s(y) = 4*y + 36. Let p be s(-14). Let c = 129 + p. Calculate the remainder when c is divided by 14.
11
Let i = 8 - -34. Suppose 0 = 2*y + 2, 4*r - 202 = 7*r - 2*y. Let j = -57 - r. Calculate the remainder when i is divided by j.
9
Calculate the remainder when 2767 is divided by 6*(-91)/(-14)*(4 + -3).
37
Suppose 64*z - 39*z + 1248 = 38*z. What is the remainder when z is divided by 3?
0
Suppose -1671 = -16*s + 393. What is the remainder when s is divided by 26?
25
Let d be 6/((-24)/26)*6. Let j = d + 44. Suppose 141 = j*r + 6. What is the remainder when 78 is divided by r?
24
Suppose 0 = -9*i + 2405 + 6532. Calculate the remainder when i is divided by 249.
246
Suppose -22*q = -19*q + 2*z - 588, 5*z = 4*q - 830. What is the remainder when q is divided by 60?
20
Suppose 0 = -5*m + 3*y + 86, y = 890*m - 885*m - 72. Suppose 5*b = 822 - 182. What is the remainder when b is divided by m?
11
Suppose 4*a - 1145 = 3*a - 534. Calculate the remainder when a is divided by 300.
11
Calculate the remainder when 448 is divided by (779/95)/(-2 + (-2 - (-21)/5)).
38
Let z(o) = 11*o + 8. Calculate the remainder when 4322 is divided by z(15).
170
Suppose -b - 1 = 0, -3*z - b - 2*b + 15 = 0. Let k be (-15)/z*(-8)/10. Suppose -33 = k*p - 3*p. What is the remainder when p is divided by 9?
6
Let o = -531 + 909. Calculate the remainder when o is divided by 57.
36
Suppose 0 = -229*s + 142*s + 87. Calculate the remainder when 7 is divided by s.
0
Suppose -2*l + 3*s + 1300 = 0, 5*s = -3*l - 652 + 2659. What is the remainder when l is divided by 166?
161
Calculate the remainder when ((-23667)/(-322))/(-4*4/(-160)) is divided by 240.
15
Let r = 76 + -44. Suppose 0 = 4*a - 4*z + 152, -a + 2 - r = -3*z. What is the remainder when 46 is divided by (-28)/a - 146/(-6)?
21
Let f = -42 - -47. Suppose -3*a = 5*q - 5, -q = q - f*a - 33. What is the remainder when ((-48)/9)/(q/(-72)) is divided by 35?
26
Suppose 0 = -44*r + 12*r + 1152. Suppose -r*s = -30*s - 234. What is the remainder when s is divided by 14?
11
Suppose 4*c + 5*x = 1484, -4*c + 868 = -x - 640. Suppose -23*o = -1434 + c. What is the remainder when 86 is divided by o?
40
Suppose 11*s - 113*s = -60690. What is the remainder when s is divided by 26?
23
Suppose 4*w - 5*f = 3*w + 24, w - 3*f = 14. Let z(q) = -65*q**3 + 3*q**2 + q - 2. Calculate the remainder when 259 is divided by z(w).
64
Suppose -4*b + b + 21 = 0. Suppose 100*g = 91*g + 810. Calculate the remainder when g is divided by b.
6
Let d = 229 - 217. Let m(u) = -u**2 + 14*u - 23. Calculate the remainder when 7 is divided by m(d).
0
Let q(k) = k**2 + 2*k + 7. Suppose -10*w = -104 - 66. Let g = -17 + w. What is the remainder when 27 is divided by q(g)?
6
Suppose 40*s - 156 = 4. Suppose s*w - 216 = -5*w. Let f = 1 - -1. Calculate the remainder when w is divided by f.
0
Suppose 5*l = 3*x - 19, 0*x + 2*l = x - 8. Let f = x + -3. Let y(u) = -14*u - 2. Calculate the remainder when y(f) is divided by 18.
14
Calculate the remainder when (((-36)/216)/(1/92))/((-2)/108) is divided by 269.
21
Let m = -519 + 521. Suppose -2*t + 4*j + 398 = 0, t = m*t + j - 202. What is the remainder when t is divided by -1 - -1 - (-2 + -27)?
27
Let b be 4 + (4 - (7 + 2)). Let z be (b + 1 + -3)/((-12)/(-24)). Calculate the remainder when 77 is divided by (-116)/(-6) + z/(-9).
17
Let z = 385 - 337. Suppose z*y = 46*y + 146. Calculate the remainder when y is divided by 7.
3
Suppose -2*q - 142 + 482 = 2*f, -4*q + 3*f + 736 = 0. Calculate the remainder when q is divided by 113.
65
Suppose -k + 276*z = 275*z - 41, -z + 127 = 3*k. What is the remainder when 540 is divided by k?
36
Suppose 7*d - 12*d - 425 = 0. Let j = 100 + d. What is the remainder when j is divided by 10?
5
Let j = 112 - 59. Suppose -3*s - 142 = 3*o - 640, -s - 6826 = -45*o. Calculate the remainder when o is divided by j.
46
Let z = 694 + -268. Suppose -429*x + z*x = -90. What is the remainder when 686 is divided by x?
26
Let i = 45 + -31. Suppose -20 = -5*s + 5*g, -5*s + 0*g - g = -i. Suppose -s*c + 84 = -12. What is the remainder when 61 is divided by c?
29
Suppose 25*p + 678 = 928. Suppose -20 = -4*x, -5*t - x + 3*x = 0. Suppose -5 = t*f - 3, 5*j = -4*f + 16. What is the remainder when p is divided by j?
2
Let v(i) = i**3 - 23*i**2 - 26*i + 60. Let d be v(24). Suppose -1008 = d*w - 14*w. What is the remainder when w is divided by 46?
44
Suppose 29*q - 219*q + 258970 = 0. What is the remainder when q is divided by 38?
33
Suppose -18*r = -4628 + 1406. Suppose -a = r - 236. Let z = 17 + -2. Calculate the remainder when a is divided by z.
12
Suppose -9*r + 13*r = d + 5, 2*d = r + 4. Suppose -o = -2*w - 18, 2*o - r*w = -0*o + 26. Calculate the remainder when o is divided by 6.
2
Suppose -8*o - 82188 = -5*o. Let x = 46188 + o. Calculate the remainder when (x/78)/6 + (-2)/13 is divided by 14.
12
Let n(o) = o**2 + 99*o + 943. Calculate the remainder when 1462 is divided by n(-9).
132
Let z(u) = -1. Let j(v) = -v**2 - 13*v - 16. Let o(n) = -j(n) - z(n). Let s be o(-8). Let b = 30 + s. What is the remainder when 10 is divided by b?
3
Let m(l) = -l**2 + 36*l + 20. Let p(h) = -11*h - 22. Let d be p(-4). What is the remainder when m(d) is divided by 7?
6
Suppose 2*b - 5*z - 445 = 0, 852 - 162 = 3*b - 5*z. What is the remainder when 17881 is divided by b?
241
Suppose 0 = -5*r + 2*v + 1728, r = 3*v - 8*v + 324. Let i = r - 278. Calculate the remainder when i is divided by 35.
31
Let o(f) = 38*f + 2. Let s be o(1). Let x = 36 - s. Calculate the remainder when x + 5 + 3 + 80 is divided by 22.
18
Let a = 503 + -499. Suppose -5*v = -2*j - 418, 5*v + a*j - 1 - 42